ommon divisor of 32947 and 2608421.
701
Calculate the greatest common factor of 2303 and 160230.
49
Calculate the highest common divisor of 83822 and 30.
2
Calculate the greatest common divisor of 93598430 and 8670.
2890
Calculate the highest common factor of 12090 and 322788492.
2418
Calculate the greatest common divisor of 17961804 and 14952.
84
Calculate the highest common divisor of 1302781 and 51201.
5689
What is the highest common divisor of 70587 and 35433?
279
Calculate the highest common divisor of 336829761 and 531.
531
What is the highest common divisor of 830 and 130893905?
415
What is the highest common divisor of 16 and 47089072?
16
Calculate the greatest common factor of 824664 and 208.
8
What is the greatest common divisor of 1776 and 21143280?
1776
Calculate the greatest common divisor of 9 and 370107603.
9
What is the highest common factor of 4392301 and 19621?
2803
What is the greatest common divisor of 1734444915 and 35?
35
Calculate the greatest common factor of 5749315 and 54145.
1105
Calculate the highest common factor of 171854 and 12992.
58
Calculate the highest common factor of 1300 and 11060400.
1300
Calculate the highest common factor of 9597 and 1222932.
1371
What is the greatest common divisor of 16796 and 1620320?
988
What is the greatest common divisor of 5586826 and 2?
2
What is the highest common factor of 91 and 5956171?
13
Calculate the greatest common factor of 35979 and 1320168.
201
What is the highest common factor of 15664662 and 234?
234
Calculate the highest common divisor of 32489899 and 34177.
3107
What is the highest common divisor of 3570 and 1790460?
210
What is the highest common factor of 172488 and 58776?
24
What is the greatest common divisor of 40 and 459329530?
10
What is the highest common factor of 818740 and 1661868?
3484
What is the highest common factor of 36517224 and 1947?
177
What is the highest common divisor of 714 and 179439981?
357
Calculate the greatest common divisor of 1024 and 4427656.
8
What is the greatest common divisor of 460 and 71412585?
115
Calculate the greatest common factor of 19438085 and 155.
155
What is the greatest common divisor of 117112736 and 2236?
2236
Calculate the highest common factor of 400580481 and 1953.
651
Calculate the greatest common divisor of 607822488 and 1989.
1989
What is the highest common factor of 80 and 14895160?
40
What is the greatest common divisor of 351100 and 36?
4
What is the greatest common factor of 9341820 and 180?
180
Calculate the highest common divisor of 202763491 and 179129.
10537
What is the greatest common factor of 1660610 and 11235?
35
What is the highest common divisor of 9646 and 13325?
13
Calculate the greatest common divisor of 3995 and 7735765.
85
Calculate the greatest common divisor of 2293750560 and 993.
993
What is the greatest common factor of 464 and 41722532?
116
Calculate the highest common factor of 23323041 and 18.
9
What is the highest common divisor of 46835 and 2768775?
2755
Calculate the highest common divisor of 72 and 828396.
36
Calculate the highest common divisor of 1350 and 356044950.
1350
What is the highest common divisor of 2827 and 64273?
11
What is the greatest common divisor of 2649926 and 3115318?
2006
What is the greatest common factor of 259960 and 2154370?
970
Calculate the greatest common divisor of 482892 and 3420.
12
What is the highest common divisor of 22300501 and 93?
31
What is the greatest common divisor of 41535046 and 2782?
214
Calculate the greatest common factor of 1952088 and 48.
24
What is the greatest common factor of 141173 and 512869?
1787
What is the highest common divisor of 10240 and 1230340?
20
Calculate the greatest common factor of 96742710 and 50.
10
What is the greatest common divisor of 396 and 131604?
132
What is the greatest common factor of 68 and 1332937972?
68
Calculate the highest common divisor of 9721634 and 312.
26
What is the greatest common factor of 366288 and 45877?
13
What is the highest common divisor of 1676 and 107999764?
1676
What is the highest common factor of 1362048 and 83232?
96
Calculate the highest common factor of 6756900 and 1200.
300
Calculate the highest common factor of 3 and 175166949.
3
What is the highest common divisor of 16590 and 658098?
42
Calculate the greatest common divisor of 495864671 and 386.
193
What is the highest common divisor of 314 and 542202326?
314
Calculate the highest common factor of 37140 and 280676884.
2476
Calculate the greatest common divisor of 50374 and 142044.
178
Calculate the greatest common factor of 29248 and 1687244.
1828
Calculate the greatest common divisor of 701167950 and 1470.
1470
What is the greatest common divisor of 10255118 and 564?
94
Calculate the highest common factor of 17972354 and 7178.
194
Calculate the greatest common factor of 380711 and 341.
31
Calculate the highest common factor of 106 and 79138.
2
Calculate the highest common factor of 52 and 193737076.
52
Calculate the greatest common factor of 660 and 448460.
20
What is the highest common factor of 919428 and 408?
204
What is the highest common divisor of 19737257 and 19?
19
Calculate the highest common factor of 522 and 11239866.
18
Calculate the highest common divisor of 431340 and 4620.
420
What is the greatest common factor of 60 and 72885165?
15
Calculate the greatest common divisor of 17123 and 2539.
1
What is the greatest common divisor of 12 and 15920820?
12
Calculate the greatest common factor of 1554154 and 371.
7
What is the highest common divisor of 744 and 4721364?
12
Calculate the highest common factor of 2441 and 199349147.
2441
What is the highest common divisor of 520468 and 52?
52
Calculate the highest common factor of 382691 and 79476.
37
Calculate the highest common factor of 3636407 and 7171.
71
Calculate the highest common factor of 55917 and 351.
27
What is the highest common divisor of 80698 and 234558?
314
Calculate the highest common factor of 1980028 and 69502.
38
What is the highest common factor of 1628274 and 10947?
123
What is the highest common divisor of 1051650 and 2337?
2337
Calculate the highest common factor of 297176 and 260392.
968
What is the highest common divisor of 28690 and 4672544?
302
Calculate the greatest common divisor of 294 and 275086.
98
What is the highest common divisor of 73193 and 15052?
53
Calculate the highest common factor of 2064 and 160294884.
516
Calculate the greatest common divisor of 192088351 and 39.
13
What is the greatest common divisor of 19033 and 50309?
7
What is the highest common factor of 740032 and 79076?
1492
What is the highest common divisor of 49528 and 367442?
82
What is the greatest common divisor of 38 and 37731093?
19
Calculate the greatest common factor of 74860 and 23399660.
3940
Calculate the highest common factor of 4937889 and 3233.
61
Calculate the greatest common divisor of 273 and 717955329.
273
Calculate the highest common divisor of 3129010 and 1884.
314
Calculate the highest common divisor of 15004 and 4932224.
1364
Calculate the highest common divisor of 31031 and 691145.
2821
Calculate the greatest common factor of 759852 and 4824.
36
What is the highest common factor of 466182 and 18927?
27
What is the greatest common divisor of 47 and 778703426?
47
What is the greatest common factor of 756046733 and 377?
377
Calculate the highest common factor of 8494 and 212722.
62
What is the greatest common divisor of 268 and 369773?
67
What is the highest common divisor of 14005 and 29905?
5
What is the highest common factor of 525 and 85598800?
175
What is the greatest common divisor of 129016656 and 180?
36
What is the highest common factor of 15908526 and 9?
9
What is the highest common factor of 348824975 and 50?
25
What is the highest common factor of 12824364 and 126?
42
What is the highest common divisor of 180 and 70387035?
15
Calculate the highest common factor of 15046024 and 2765.
553
What is the highest common divisor of 87723 and 3834?
27
Calculate the greatest common factor of 3431 and 1025723.
73
What is the highest common factor of 2336 and 220289764?
292
Calculate the greatest common divisor of 8322 and 1760541.
219
Calculate the highest common factor of 1138 and 45924559.
569
Calculate the highest common factor of 29